 Let o = v + 3191. Is o composite?
False
Let n be (-24)/(-1 + -2)*(-2254)/(-4). Suppose -7*u + 5*u = -n. Suppose -m - 315 = -u. Is m prime?
False
Suppose -5*z = 2*l - 130320, -255773 - 70056 = -5*l + 2*z. Is l prime?
False
Suppose 5*y + 32 = 42. Suppose 0 = 3*o - y*o - 356. Suppose -3*w + 4*j + 113 = -248, -5*j - o = -3*w. Is w composite?
False
Let h = 11998 - 18431. Let n = h + 11184. Is n a composite number?
False
Is ((-2)/4)/(1 - ((-1668985)/(-139082) + -11)) prime?
False
Let d = -294824 + 146808. Is d/(-66) - (-2)/6 composite?
False
Let w(s) = 22 - 53*s - 24 - 34*s. Let v = -127 + 124. Is w(v) prime?
False
Suppose 3*y - 18793 = 2*v - 107967, 3*y = -2*v - 89158. Is (6/(-4))/(33/y) a prime number?
False
Suppose 56*c - 60*c = 5*l - 302439, 0 = l - 2*c - 60485. Is l composite?
True
Suppose -63278 = 5*l - 4*w - 20698, -17044 = 2*l - 4*w. Let k = l - -12091. Is 36/(-126) + k/7 composite?
True
Suppose 21*c - 14*c - 5397 = 0. Let p(t) = 13*t**3 + 4*t**2 - 2. Let a be p(2). Let n = c + a. Is n composite?
True
Suppose 4*r + 7 = 19. Let y(k) = -7*k + 21*k**2 - 7*k**3 + 3*k**3 + 30 + 5*k**r + 0*k**3. Is y(-21) prime?
False
Let o be -2469*(-1)/(-1)*-1. Suppose 1167 = 12*j - o. Is j a prime number?
False
Suppose 13755 = 5*r - w, -9*w + 6*w + 11023 = 4*r. Suppose c - 3*i - 695 = 0, 4*c = -0*c + 5*i + r. Is c prime?
True
Let h = 18896 + -10897. Suppose 3226 = 25*v - h. Is v a composite number?
False
Let k = 1619 - -3048. Suppose 2*x - k = -0*y + y, 3*y + 3 = 0. Is x a composite number?
False
Is (-3403 - 4)/(53/(-2809)) composite?
True
Let b = -20608 - -44105. Is b composite?
False
Suppose -41*q = -49*q - 29208. Let f = 5600 + q. Is f prime?
True
Let x be (-98)/(-3) - 6/9. Suppose -x = -5*l - 2. Suppose -l*t + t = -635. Is t composite?
False
Is (1722 + -7 - 9)/1 prime?
False
Let s(x) = 267*x**3 - 3*x**2 - 8*x - 8. Let m(g) = 268*g**3 - 3*g**2 - 7*g - 7. Let n(d) = -7*m(d) + 6*s(d). Is n(-2) composite?
False
Let v be (205/10)/(4 + 8613/(-2154)). Is v/6 + 26/(-156) composite?
True
Suppose 5217761 + 46073311 = 3*p. Is p/588 + 6/28*2 a composite number?
False
Suppose -117*g + 11025 = -110*g. Suppose 0 = 3*q + j + g - 15345, -9185 = -2*q + j. Is q prime?
True
Suppose 8*v - 3*u + 922934 = 10*v, -5*v - 4*u + 2307349 = 0. Is v composite?
True
Let w(g) = -g**2 + 29*g - 27. Let l be w(11). Suppose l*x - 175*x + 2180 = 0. Is x prime?
False
Let k(f) = -79*f - 7. Let z(i) = -78*i - 8. Let m(x) = -3*k(x) + 4*z(x). Suppose 0 = -3*c - 5*c - 96. Is m(c) prime?
False
Let b = 104 + -100. Suppose -5642 = -b*i - 7*w + 5*w, 2*w = -3*i + 4233. Is i a composite number?
False
Let a be (12/(-16))/((-1)/20). Suppose a*x + 3697 = 25912. Is x composite?
False
Let n be -2 - (4 + (-17 - 1)). Let c be 238 - ((-6)/21)/((-8)/28). Suppose -n*i + c = -9*i. Is i a composite number?
False
Let h(f) be the second derivative of 25*f**4/12 - 3*f**3/2 + 5*f**2/2 - 19*f. Is h(-9) a composite number?
False
Let u be (-26)/(-52) + 1 + 3/2. Suppose 0*j + u*j - 2*t = 21, -2*t - 35 = -5*j. Suppose 156 = i - j. Is i a composite number?
False
Suppose -49*u + 65*u = 140144. Is u prime?
False
Suppose -11*f = -8*f - 36. Let c = f - 7. Suppose 571 = p + 3*h, -4*p - c*h + 2*h = -2284. Is p composite?
False
Let q(b) = -11*b**3 + 26*b**2 + 51*b + 1. Let t(y) = 10*y**3 - 24*y**2 - 51*y. Let f(l) = -2*q(l) - 3*t(l). Is f(-13) a prime number?
False
Let x = -97479 - -213832. Is x a prime number?
False
Suppose m = 2*c + 157087, -125*c = -124*c - 2. Is m composite?
True
Let m = 418 - 422. Is -2*(-3 + 44326/m) a composite number?
True
Suppose 7*m - 4 = 5*m. Let d(n) = -3*n**2 + 3*n + 9*n + 5*n**m + 0*n + 19. Is d(-8) a prime number?
False
Let u(s) = -409*s + 130. Let y be u(8). Let f = y + 15275. Is f a composite number?
True
Suppose -353*o + 358*o + 3*t = 1285268, -o = t - 257054. Is o a prime number?
True
Let s be 0/(-31) + 24507/1. Suppose 0 = 6*c + 3*c - s. Is c a prime number?
False
Suppose -12*j = 3*j - 20865. Suppose 4*w = -0*w + 9384. Let o = w - j. Is o prime?
False
Suppose -7*z + 13 = -22. Suppose h - 7 = -l, -2*l + z*h = h + 10. Suppose 2*b - 6986 = 4*q, -l*q = b - q - 3493. Is b composite?
True
Suppose 2*g + a = -6653 + 17581, 2*g - 4*a - 10928 = 0. Suppose -x - g = -4*v - 5*x, -2*x = -3*v + 4123. Is v prime?
False
Let r(x) = -56*x**2 - 18*x - 22. Let i(h) = -4*h**2 - h - 1. Let z(k) = i(k) - r(k). Is z(-10) a prime number?
True
Let l be -25*(310/25)/(-2). Suppose -153*u + l*u = 29990. Is u a prime number?
False
Is (42/(-189))/((-10)/8679105) a prime number?
False
Let g = 126 - -137. Suppose -8*r = -g - 5121. Is r prime?
True
Let p(l) be the second derivative of l**4/4 - 3*l**3/2 - 5*l**2/2 + l. Suppose -38*a = -27*a + 55. Is p(a) prime?
False
Suppose -124829 - 105761 = -2*g. Is g composite?
True
Is (1/(14/(-1321313)))/((-1 - -5)/(-8)) prime?
False
Suppose 6*b + 3*b - 30*b = -597009. Is b a prime number?
True
Suppose -287300 = -17*v - 54927. Is v a prime number?
True
Suppose 120*o - 23443355 = 240986009 + 2935796. Is o a prime number?
False
Let r = 11413 - 6522. Is r composite?
True
Let u(m) = -m**2 + 23*m + 39. Let i be u(24). Suppose 5*g + 3*f = 8*f - i, 0 = 5*g + 3*f - 17. Is (-1958)/(-3) + (-8)/12 + g a prime number?
True
Let y be 8/14*(-49)/(-14). Let g = 3413 + -4975. Is (g + y + 1)/(-1) a composite number?
False
Let p = -11 + 19. Suppose -p*b + 13*b - 88845 = 0. Is b a prime number?
False
Let w(i) = -3*i**3 - 16*i**2 + 12*i + 28. Let d be w(-8). Is 37/(d/(-70120))*(-3)/2 a prime number?
False
Suppose -13*v = -10*v - 9. Let k = v + -1. Suppose 2454 = 4*r + k*n, -3*r - 4*n = -2*n - 1841. Is r composite?
False
Suppose -20079 = -6*j - 103665. Let o = -9882 - j. Is o a composite number?
False
Let d(g) = 453*g - 979. Is d(10) a composite number?
True
Let t(k) = 2*k**2 - 48*k + 240. Let n be t(17). Suppose l - 6*l = 2*o - 40, 0 = -4*l - 3*o + 39. Is 2631/(-12)*(n + l/(-1)) a composite number?
False
Suppose 162184 = 2*z + f, 524*z + 3*f - 81107 = 523*z. Is z prime?
False
Let y = 85 - 87. Let z be y*861/(-6) + -3. Let o = -93 + z. Is o prime?
True
Suppose 0 = 2*b - 3*j + 2, 2*b - 2*j = -2*b + 12. Let x(i) = 276*i**2 + 5*i + 17. Let f be x(7). Is f/20 - (-1)/b a prime number?
False
Suppose -241585 = -f - b, -483190 = -2*f - 35*b + 38*b. Is f composite?
False
Suppose -186 + 578 = 4*v. Let y = v + -85. Is (2217/(-4))/(y/(-52)) composite?
True
Suppose -9*b - 69*b + 23204454 = 0. Is b a prime number?
False
Let k be 2/10 - 3*30/(-50). Suppose -k*a + 5*g + 4376 = -105588, 2*g - 54973 = -a. Is a a prime number?
False
Let q(r) = -1924*r**3 + 31*r + 14. Is q(-5) a composite number?
True
Let d(o) be the first derivative of 5*o**2/2 + 10*o + 17. Let s be d(-2). Suppose -2*h + 0*y + 1169 = y, s = -2*h + 2*y + 1184. Is h prime?
True
Suppose 4*n + 2*k - 18 = -0*n, -2*n + 4 = -4*k. Let p be n/(-14)*-1 - 34/119. Let s(z) = z**3 + 2*z**2 + 1257. Is s(p) prime?
False
Suppose 3*m = 20428 + 275639. Is m prime?
True
Is 7894656/480 + 2/(-10) a composite number?
False
Let p be 21*1/4*(0 + -144). Let s = 1353 - 2428. Let h = p - s. Is h a prime number?
False
Suppose 48*h - 1644096 - 1477776 = 0. Is (-24)/(-18) - h/(-39) composite?
False
Suppose 0 = 4*m + 3*m. Let p be m + 1 - (1 + 0). Suppose p = i - 4*i + 9, -2*f - i + 429 = 0. Is f composite?
True
Let y = 60 + -124. Let x = y + 67. Suppose 5*b - p - 7928 = 0, b = x*p + p + 1597. Is b a prime number?
False
Let y = 7489 + -5426. Is y a composite number?
False
Let b(g) = 9*g - 85. Let p be b(11). Is -4*(-701)/(-2)*(-35)/p a prime number?
False
Let d = -243 - -236. Let c(s) = 11*s**2 + 9*s + 15. Is c(d) a composite number?
False
Suppose -14*m + 9*m + 14 = -p, 5*p - 4*m - 35 = 0. Is 127/(67/p - 6) a prime number?
False
Let a = 314085 + -136084. Is a composite?
False
Suppose 0 = -5*s + m + 42096, -s + 5*m + 625 = -7799. Is s a composite number?
False
Let y be (177894/36)/((-2)/(-4)). Let f = y - 4916. Is f composite?
False
Let k = 373 - 386. Let c(d) = 13*d**2 + 21*d + 27. Is c(k) prime?
True
Is -1*(-172522)/(-42)*(-5 + (1 - 2)) composite?
True
Let c = 4664 - -393. Is c prime?
False
Let u = -36 + 287. Suppose 0 = -6*k + 7*k - u. Suppose 11*g - k = 5403. Is g a prime number?
False
Let i be (40/(-12))/((-4)/6). Suppose -c = i*l + 6, 2*c = -2*c - l + 33. Let g(q) = 3*q**2 + 8. Is g(c) co